{"id":379,"date":"2024-07-09T21:16:44","date_gmt":"2024-07-09T21:16:44","guid":{"rendered":"http:\/\/karahanyurtlar.com\/?page_id=379"},"modified":"2024-08-21T10:33:24","modified_gmt":"2024-08-21T10:33:24","slug":"379-2","status":"publish","type":"page","link":"http:\/\/karahanyurtlar.com\/index.php\/379-2\/","title":{"rendered":"\u0130K\u0130 K\u0130\u015e\u0130L\u0130K ODALAR"},"content":{"rendered":"\n<div class=\"wp-block-cover aligncenter is-light\" style=\"min-height:121px;aspect-ratio:unset;\"><span aria-hidden=\"true\" class=\"wp-block-cover__background has-light-color-background-color has-background-dim\"><\/span><img fetchpriority=\"high\" decoding=\"async\" width=\"1290\" height=\"2796\" class=\"wp-block-cover__image-background wp-image-662\" alt=\"\" src=\"http:\/\/karahanyurtlar.com\/wp-content\/uploads\/2024\/07\/IMG_6889-min-1.png\" data-object-fit=\"cover\" srcset=\"http:\/\/karahanyurtlar.com\/wp-content\/uploads\/2024\/07\/IMG_6889-min-1.png 1290w, http:\/\/karahanyurtlar.com\/wp-content\/uploads\/2024\/07\/IMG_6889-min-1-138x300.png 138w, http:\/\/karahanyurtlar.com\/wp-content\/uploads\/2024\/07\/IMG_6889-min-1-472x1024.png 472w, http:\/\/karahanyurtlar.com\/wp-content\/uploads\/2024\/07\/IMG_6889-min-1-768x1665.png 768w, http:\/\/karahanyurtlar.com\/wp-content\/uploads\/2024\/07\/IMG_6889-min-1-709x1536.png 709w, http:\/\/karahanyurtlar.com\/wp-content\/uploads\/2024\/07\/IMG_6889-min-1-945x2048.png 945w\" sizes=\"(max-width: 1290px) 100vw, 1290px\" \/><div class=\"wp-block-cover__inner-container is-layout-flow wp-block-cover-is-layout-flow\">\n<p class=\"has-text-align-center has-blue-color has-text-color has-link-color has-quicksand-font-family has-medium-font-size wp-elements-441c5d70c484c38975049e0147fb4981\" style=\"margin-top:var(--wp--preset--spacing--20);margin-bottom:var(--wp--preset--spacing--20)\"><strong>HER \u00d6\u011eRENC\u0130YE B\u0130R ADET GEN\u00c7 ODASI TAKIMI<\/strong><\/p>\n\n\n\n<p class=\"has-text-align-center has-blue-color has-text-color has-link-color has-quicksand-font-family has-medium-font-size wp-elements-1d631303e12d261aa7042d1b68cffa40\" style=\"margin-top:var(--wp--preset--spacing--20);margin-bottom:var(--wp--preset--spacing--20)\"><strong>BAZA,<\/strong><\/p>\n\n\n\n<p class=\"has-text-align-center has-blue-color has-text-color has-link-color has-quicksand-font-family has-medium-font-size wp-elements-546be55a1db69b90f4d2708dccfc0047\" style=\"margin-top:var(--wp--preset--spacing--20);margin-bottom:var(--wp--preset--spacing--20)\"><strong>-\u00c7\u0130FT KAPAKLI GARDIROP,<\/strong><\/p>\n\n\n\n<p class=\"has-text-align-center has-blue-color has-text-color has-link-color has-quicksand-font-family has-medium-font-size wp-elements-1ddad6e4073b4ae0ce6c8f3dfbddca9d\" style=\"margin-top:var(--wp--preset--spacing--20);margin-bottom:var(--wp--preset--spacing--20)\"><strong>-\u00c7ALI\u015eMA MASASI,<\/strong><\/p>\n\n\n\n<p class=\"has-text-align-center has-blue-color has-text-color has-link-color has-quicksand-font-family has-medium-font-size wp-elements-d3cd0a88e5c3f13995dc6f3bc87f4ce6\" style=\"margin-top:var(--wp--preset--spacing--20);margin-bottom:var(--wp--preset--spacing--20)\"><strong>-NEVRES\u0130M TAKIMI,<\/strong><\/p>\n\n\n\n<p class=\"has-text-align-center has-blue-color has-text-color has-link-color has-quicksand-font-family has-medium-font-size wp-elements-c24073f03870b1611ffd5466d2dca160\" style=\"margin-top:var(--wp--preset--spacing--20);margin-bottom:var(--wp--preset--spacing--20)\"><strong>-YASTIK, YORGAN VE BATTAN\u0130YE<\/strong><\/p>\n\n\n\n<p class=\"has-text-align-center has-blue-color has-text-color has-link-color has-quicksand-font-family has-medium-font-size wp-elements-4cb77816cfc3a60b3ee53da64b8c9086\" style=\"margin-top:var(--wp--preset--spacing--20);margin-bottom:var(--wp--preset--spacing--20)\"><strong>*T\u00dcM ODALARDA M\u0130N\u0130 BUZDOLABI, K\u0130TAPLIK VE ASKILIK<\/strong><\/p>\n\n\n\n<p>T<\/p>\n<\/div><\/div>\n\n\n<div class=\"pgc-sgb-cb wp-block-pgcsimplygalleryblock-grid \" data-gallery-id=\"09a56175\"><div class=\"sgb-preloader\" id=\"pr_09a56175\">\n\t<div class=\"sgb-square\" style=\"background:#d4d4d4\"><\/div>\n\t<div class=\"sgb-square\" style=\"background:#d4d4d4\"><\/div>\n\t<div class=\"sgb-square\" style=\"background:#d4d4d4\"><\/div>\n\t<div class=\"sgb-square\" style=\"background:#d4d4d4\"><\/div><\/div><div class=\"simply-gallery-amp pgc_sgb_slider \" style=\"display: none;\"><div class=\"sgb-gallery\"><div class=\"sgb-item\"><a href=\"http:\/\/karahanyurtlar.com\/index.php\/galeri\/2-kisilik-min-1\/\" target=\"_blank\"><img loading=\"lazy\" decoding=\"async\" alt=\"\" width=\"240\" height=\"300\" loading=\"lazy\" src=\"http:\/\/karahanyurtlar.com\/wp-content\/uploads\/2024\/06\/2-kisilik-min-1-240x300.jpg\" srcset=\"http:\/\/karahanyurtlar.com\/wp-content\/uploads\/2024\/06\/2-kisilik-min-1-240x300.jpg 240w,http:\/\/karahanyurtlar.com\/wp-content\/uploads\/2024\/06\/2-kisilik-min-1-819x1024.jpg 819w,http:\/\/karahanyurtlar.com\/wp-content\/uploads\/2024\/06\/2-kisilik-min-1-scaled.jpg 2048w\" sizes=\"auto, 250px\"\/><\/a><\/div><div class=\"sgb-item\"><a href=\"http:\/\/karahanyurtlar.com\/index.php\/379-2\/222-min\/\" target=\"_blank\"><img loading=\"lazy\" decoding=\"async\" alt=\"\" width=\"225\" height=\"300\" loading=\"lazy\" src=\"http:\/\/karahanyurtlar.com\/wp-content\/uploads\/2024\/07\/222-min-225x300.jpg\" srcset=\"http:\/\/karahanyurtlar.com\/wp-content\/uploads\/2024\/07\/222-min-225x300.jpg 225w,http:\/\/karahanyurtlar.com\/wp-content\/uploads\/2024\/07\/222-min-768x1024.jpg 768w,http:\/\/karahanyurtlar.com\/wp-content\/uploads\/2024\/07\/222-min-scaled.jpg 1920w\" sizes=\"auto, 250px\"\/><\/a><\/div><div class=\"sgb-item\"><a href=\"http:\/\/karahanyurtlar.com\/index.php\/379-2\/img_8596-min\/\" target=\"_blank\"><img loading=\"lazy\" decoding=\"async\" alt=\"\" width=\"224\" height=\"300\" loading=\"lazy\" src=\"http:\/\/karahanyurtlar.com\/wp-content\/uploads\/2024\/08\/IMG_8596-min-224x300.jpg\" srcset=\"http:\/\/karahanyurtlar.com\/wp-content\/uploads\/2024\/08\/IMG_8596-min-224x300.jpg 224w,http:\/\/karahanyurtlar.com\/wp-content\/uploads\/2024\/08\/IMG_8596-min-766x1024.jpg 766w,http:\/\/karahanyurtlar.com\/wp-content\/uploads\/2024\/08\/IMG_8596-min-scaled.jpg 1915w\" sizes=\"auto, 250px\"\/><\/a><\/div><div class=\"sgb-item\"><a href=\"http:\/\/karahanyurtlar.com\/index.php\/379-2\/img_8528-min\/\" target=\"_blank\"><img loading=\"lazy\" decoding=\"async\" alt=\"\" width=\"225\" height=\"300\" loading=\"lazy\" src=\"http:\/\/karahanyurtlar.com\/wp-content\/uploads\/2024\/08\/IMG_8528-min-225x300.jpg\" srcset=\"http:\/\/karahanyurtlar.com\/wp-content\/uploads\/2024\/08\/IMG_8528-min-225x300.jpg 225w,http:\/\/karahanyurtlar.com\/wp-content\/uploads\/2024\/08\/IMG_8528-min-768x1024.jpg 768w,http:\/\/karahanyurtlar.com\/wp-content\/uploads\/2024\/08\/IMG_8528-min-scaled.jpg 1920w\" sizes=\"auto, 250px\"\/><\/a><\/div><div class=\"sgb-item\"><a href=\"http:\/\/karahanyurtlar.com\/index.php\/379-2\/img_8602-min\/\" target=\"_blank\"><img loading=\"lazy\" decoding=\"async\" alt=\"\" width=\"225\" height=\"300\" loading=\"lazy\" src=\"http:\/\/karahanyurtlar.com\/wp-content\/uploads\/2024\/08\/IMG_8602-min-225x300.jpg\" srcset=\"http:\/\/karahanyurtlar.com\/wp-content\/uploads\/2024\/08\/IMG_8602-min-225x300.jpg 225w,http:\/\/karahanyurtlar.com\/wp-content\/uploads\/2024\/08\/IMG_8602-min-768x1024.jpg 768w,http:\/\/karahanyurtlar.com\/wp-content\/uploads\/2024\/08\/IMG_8602-min-scaled.jpg 1920w\" sizes=\"auto, 250px\"\/><\/a><\/div><div class=\"sgb-item\"><a href=\"http:\/\/karahanyurtlar.com\/index.php\/379-2\/img_8603-min\/\" target=\"_blank\"><img loading=\"lazy\" decoding=\"async\" alt=\"\" width=\"224\" height=\"300\" loading=\"lazy\" src=\"http:\/\/karahanyurtlar.com\/wp-content\/uploads\/2024\/08\/IMG_8603-min-224x300.jpg\" srcset=\"http:\/\/karahanyurtlar.com\/wp-content\/uploads\/2024\/08\/IMG_8603-min-224x300.jpg 224w,http:\/\/karahanyurtlar.com\/wp-content\/uploads\/2024\/08\/IMG_8603-min-766x1024.jpg 766w,http:\/\/karahanyurtlar.com\/wp-content\/uploads\/2024\/08\/IMG_8603-min-scaled.jpg 1915w\" sizes=\"auto, 250px\"\/><\/a><\/div><\/div><\/div><script type=\"application\/json\" class=\"sgb-data\">{\"collectionColumns\":2,\"externalLinkTextColor\":\"rgba(247,5,121,1)\",\"galleryType\":\"pgc_sgb_grid\",\"galleryId\":\"09a56175\",\"images\":[{\"id\":269,\"title\":\"2-kisilik-min-1\",\"url\":\"http:\/\/karahanyurtlar.com\/wp-content\/uploads\/2024\/06\/2-kisilik-min-1-scaled.jpg\",\"link\":\"http:\/\/karahanyurtlar.com\/index.php\/galeri\/2-kisilik-min-1\/\",\"alt\":\"\",\"description\":\"\",\"caption\":\"\",\"mime\":\"image\/jpeg\",\"type\":\"image\",\"width\":2048,\"height\":2560,\"sizes\":{\"thumbnail\":{\"height\":150,\"width\":150,\"url\":\"http:\/\/karahanyurtlar.com\/wp-content\/uploads\/2024\/06\/2-kisilik-min-1-150x150.jpg\",\"orientation\":\"landscape\"},\"medium\":{\"height\":300,\"width\":240,\"url\":\"http:\/\/karahanyurtlar.com\/wp-content\/uploads\/2024\/06\/2-kisilik-min-1-240x300.jpg\",\"orientation\":\"portrait\"},\"large\":{\"height\":1024,\"width\":819,\"url\":\"http:\/\/karahanyurtlar.com\/wp-content\/uploads\/2024\/06\/2-kisilik-min-1-819x1024.jpg\",\"orientation\":\"portrait\"},\"full\":{\"url\":\"http:\/\/karahanyurtlar.com\/wp-content\/uploads\/2024\/06\/2-kisilik-min-1-scaled.jpg\",\"height\":2560,\"width\":2048,\"orientation\":\"portrait\"}},\"imageMeta\":{\"aperture\":\"0\",\"credit\":\"\",\"camera\":\"\",\"caption\":\"\",\"created_timestamp\":\"0\",\"copyright\":\"\",\"focal_length\":\"0\",\"iso\":\"0\",\"shutter_speed\":\"0\",\"title\":\"\",\"orientation\":\"0\",\"keywords\":[]},\"meta\":false,\"postlink\":\"http:\/\/karahanyurtlar.com\/index.php\/galeri\/2-kisilik-min-1\/\"},{\"id\":504,\"title\":\"222-min\",\"url\":\"http:\/\/karahanyurtlar.com\/wp-content\/uploads\/2024\/07\/222-min-scaled.jpg\",\"link\":\"http:\/\/karahanyurtlar.com\/index.php\/379-2\/222-min\/\",\"alt\":\"\",\"description\":\"\",\"caption\":\"\",\"mime\":\"image\/jpeg\",\"type\":\"image\",\"width\":1920,\"height\":2560,\"sizes\":{\"thumbnail\":{\"height\":150,\"width\":150,\"url\":\"http:\/\/karahanyurtlar.com\/wp-content\/uploads\/2024\/07\/222-min-150x150.jpg\",\"orientation\":\"landscape\"},\"medium\":{\"height\":300,\"width\":225,\"url\":\"http:\/\/karahanyurtlar.com\/wp-content\/uploads\/2024\/07\/222-min-225x300.jpg\",\"orientation\":\"portrait\"},\"large\":{\"height\":1024,\"width\":768,\"url\":\"http:\/\/karahanyurtlar.com\/wp-content\/uploads\/2024\/07\/222-min-768x1024.jpg\",\"orientation\":\"portrait\"},\"full\":{\"url\":\"http:\/\/karahanyurtlar.com\/wp-content\/uploads\/2024\/07\/222-min-scaled.jpg\",\"height\":2560,\"width\":1920,\"orientation\":\"portrait\"}},\"imageMeta\":{\"aperture\":\"0\",\"credit\":\"\",\"camera\":\"\",\"caption\":\"\",\"created_timestamp\":\"0\",\"copyright\":\"\",\"focal_length\":\"0\",\"iso\":\"0\",\"shutter_speed\":\"0\",\"title\":\"\",\"orientation\":\"0\",\"keywords\":[]},\"meta\":false,\"postlink\":\"http:\/\/karahanyurtlar.com\/index.php\/379-2\/222-min\/\"},{\"id\":830,\"title\":\"IMG_8596-min\",\"url\":\"http:\/\/karahanyurtlar.com\/wp-content\/uploads\/2024\/08\/IMG_8596-min-scaled.jpg\",\"link\":\"http:\/\/karahanyurtlar.com\/index.php\/379-2\/img_8596-min\/\",\"alt\":\"\",\"description\":\"\",\"caption\":\"\",\"mime\":\"image\/jpeg\",\"type\":\"image\",\"width\":1915,\"height\":2560,\"sizes\":{\"thumbnail\":{\"height\":150,\"width\":150,\"url\":\"http:\/\/karahanyurtlar.com\/wp-content\/uploads\/2024\/08\/IMG_8596-min-150x150.jpg\",\"orientation\":\"landscape\"},\"medium\":{\"height\":300,\"width\":224,\"url\":\"http:\/\/karahanyurtlar.com\/wp-content\/uploads\/2024\/08\/IMG_8596-min-224x300.jpg\",\"orientation\":\"portrait\"},\"large\":{\"height\":1024,\"width\":766,\"url\":\"http:\/\/karahanyurtlar.com\/wp-content\/uploads\/2024\/08\/IMG_8596-min-766x1024.jpg\",\"orientation\":\"portrait\"},\"full\":{\"url\":\"http:\/\/karahanyurtlar.com\/wp-content\/uploads\/2024\/08\/IMG_8596-min-scaled.jpg\",\"height\":2560,\"width\":1915,\"orientation\":\"portrait\"}},\"imageMeta\":{\"aperture\":\"0\",\"credit\":\"\",\"camera\":\"\",\"caption\":\"\",\"created_timestamp\":\"0\",\"copyright\":\"\",\"focal_length\":\"0\",\"iso\":\"0\",\"shutter_speed\":\"0\",\"title\":\"\",\"orientation\":\"0\",\"keywords\":[]},\"meta\":false,\"postlink\":\"http:\/\/karahanyurtlar.com\/index.php\/379-2\/img_8596-min\/\"},{\"id\":829,\"title\":\"IMG_8528-min\",\"url\":\"http:\/\/karahanyurtlar.com\/wp-content\/uploads\/2024\/08\/IMG_8528-min-scaled.jpg\",\"link\":\"http:\/\/karahanyurtlar.com\/index.php\/379-2\/img_8528-min\/\",\"alt\":\"\",\"description\":\"\",\"caption\":\"\",\"mime\":\"image\/jpeg\",\"type\":\"image\",\"width\":1920,\"height\":2560,\"sizes\":{\"thumbnail\":{\"height\":150,\"width\":150,\"url\":\"http:\/\/karahanyurtlar.com\/wp-content\/uploads\/2024\/08\/IMG_8528-min-150x150.jpg\",\"orientation\":\"landscape\"},\"medium\":{\"height\":300,\"width\":225,\"url\":\"http:\/\/karahanyurtlar.com\/wp-content\/uploads\/2024\/08\/IMG_8528-min-225x300.jpg\",\"orientation\":\"portrait\"},\"large\":{\"height\":1024,\"width\":768,\"url\":\"http:\/\/karahanyurtlar.com\/wp-content\/uploads\/2024\/08\/IMG_8528-min-768x1024.jpg\",\"orientation\":\"portrait\"},\"full\":{\"url\":\"http:\/\/karahanyurtlar.com\/wp-content\/uploads\/2024\/08\/IMG_8528-min-scaled.jpg\",\"height\":2560,\"width\":1920,\"orientation\":\"portrait\"}},\"imageMeta\":{\"aperture\":\"0\",\"credit\":\"\",\"camera\":\"\",\"caption\":\"\",\"created_timestamp\":\"0\",\"copyright\":\"\",\"focal_length\":\"0\",\"iso\":\"0\",\"shutter_speed\":\"0\",\"title\":\"\",\"orientation\":\"0\",\"keywords\":[]},\"meta\":false,\"postlink\":\"http:\/\/karahanyurtlar.com\/index.php\/379-2\/img_8528-min\/\"},{\"id\":832,\"title\":\"IMG_8602-min\",\"url\":\"http:\/\/karahanyurtlar.com\/wp-content\/uploads\/2024\/08\/IMG_8602-min-scaled.jpg\",\"link\":\"http:\/\/karahanyurtlar.com\/index.php\/379-2\/img_8602-min\/\",\"alt\":\"\",\"description\":\"\",\"caption\":\"\",\"mime\":\"image\/jpeg\",\"type\":\"image\",\"width\":1920,\"height\":2560,\"sizes\":{\"thumbnail\":{\"height\":150,\"width\":150,\"url\":\"http:\/\/karahanyurtlar.com\/wp-content\/uploads\/2024\/08\/IMG_8602-min-150x150.jpg\",\"orientation\":\"landscape\"},\"medium\":{\"height\":300,\"width\":225,\"url\":\"http:\/\/karahanyurtlar.com\/wp-content\/uploads\/2024\/08\/IMG_8602-min-225x300.jpg\",\"orientation\":\"portrait\"},\"large\":{\"height\":1024,\"width\":768,\"url\":\"http:\/\/karahanyurtlar.com\/wp-content\/uploads\/2024\/08\/IMG_8602-min-768x1024.jpg\",\"orientation\":\"portrait\"},\"full\":{\"url\":\"http:\/\/karahanyurtlar.com\/wp-content\/uploads\/2024\/08\/IMG_8602-min-scaled.jpg\",\"height\":2560,\"width\":1920,\"orientation\":\"portrait\"}},\"imageMeta\":{\"aperture\":\"0\",\"credit\":\"\",\"camera\":\"\",\"caption\":\"\",\"created_timestamp\":\"0\",\"copyright\":\"\",\"focal_length\":\"0\",\"iso\":\"0\",\"shutter_speed\":\"0\",\"title\":\"\",\"orientation\":\"0\",\"keywords\":[]},\"meta\":false,\"postlink\":\"http:\/\/karahanyurtlar.com\/index.php\/379-2\/img_8602-min\/\"},{\"id\":833,\"title\":\"IMG_8603-min\",\"url\":\"http:\/\/karahanyurtlar.com\/wp-content\/uploads\/2024\/08\/IMG_8603-min-scaled.jpg\",\"link\":\"http:\/\/karahanyurtlar.com\/index.php\/379-2\/img_8603-min\/\",\"alt\":\"\",\"description\":\"\",\"caption\":\"\",\"mime\":\"image\/jpeg\",\"type\":\"image\",\"width\":1915,\"height\":2560,\"sizes\":{\"thumbnail\":{\"height\":150,\"width\":150,\"url\":\"http:\/\/karahanyurtlar.com\/wp-content\/uploads\/2024\/08\/IMG_8603-min-150x150.jpg\",\"orientation\":\"landscape\"},\"medium\":{\"height\":300,\"width\":224,\"url\":\"http:\/\/karahanyurtlar.com\/wp-content\/uploads\/2024\/08\/IMG_8603-min-224x300.jpg\",\"orientation\":\"portrait\"},\"large\":{\"height\":1024,\"width\":766,\"url\":\"http:\/\/karahanyurtlar.com\/wp-content\/uploads\/2024\/08\/IMG_8603-min-766x1024.jpg\",\"orientation\":\"portrait\"},\"full\":{\"url\":\"http:\/\/karahanyurtlar.com\/wp-content\/uploads\/2024\/08\/IMG_8603-min-scaled.jpg\",\"height\":2560,\"width\":1915,\"orientation\":\"portrait\"}},\"imageMeta\":{\"aperture\":\"0\",\"credit\":\"\",\"camera\":\"\",\"caption\":\"\",\"created_timestamp\":\"0\",\"copyright\":\"\",\"focal_length\":\"0\",\"iso\":\"0\",\"shutter_speed\":\"0\",\"title\":\"\",\"orientation\":\"0\",\"keywords\":[]},\"meta\":false,\"postlink\":\"http:\/\/karahanyurtlar.com\/index.php\/379-2\/img_8603-min\/\"}],\"itemsMetaDataCollection\":[]}<\/script><script>(function(){if(window.PGC_SGB && window.PGC_SGB.searcher){window.PGC_SGB.searcher.initBlocks()}})()<\/script><\/div>","protected":false},"excerpt":{"rendered":"","protected":false},"author":1,"featured_media":0,"parent":0,"menu_order":0,"comment_status":"closed","ping_status":"closed","template":"","meta":{"pgc_sgb_lightbox_settings":"","footnotes":""},"class_list":["post-379","page","type-page","status-publish","hentry"],"_links":{"self":[{"href":"http:\/\/karahanyurtlar.com\/index.php\/wp-json\/wp\/v2\/pages\/379","targetHints":{"allow":["GET"]}}],"collection":[{"href":"http:\/\/karahanyurtlar.com\/index.php\/wp-json\/wp\/v2\/pages"}],"about":[{"href":"http:\/\/karahanyurtlar.com\/index.php\/wp-json\/wp\/v2\/types\/page"}],"author":[{"embeddable":true,"href":"http:\/\/karahanyurtlar.com\/index.php\/wp-json\/wp\/v2\/users\/1"}],"replies":[{"embeddable":true,"href":"http:\/\/karahanyurtlar.com\/index.php\/wp-json\/wp\/v2\/comments?post=379"}],"version-history":[{"count":16,"href":"http:\/\/karahanyurtlar.com\/index.php\/wp-json\/wp\/v2\/pages\/379\/revisions"}],"predecessor-version":[{"id":835,"href":"http:\/\/karahanyurtlar.com\/index.php\/wp-json\/wp\/v2\/pages\/379\/revisions\/835"}],"wp:attachment":[{"href":"http:\/\/karahanyurtlar.com\/index.php\/wp-json\/wp\/v2\/media?parent=379"}],"curies":[{"name":"wp","href":"https:\/\/api.w.org\/{rel}","templated":true}]}}